48 = 3*q. Is k composite?
True
Let j = 45 + -46. Let w be 2*1461/2*j. Let k = w + 3308. Is k composite?
False
Suppose 5*t + 5*t + 130 = 0. Let p(y) = -923*y - 30. Is p(t) composite?
False
Suppose -6 + 18 = 6*n. Suppose 4*m + 14 = 2, 3 = -3*l - n*m. Let c(o) = 2362*o + 9. Is c(l) prime?
True
Let t(b) = b - 18. Let m be t(12). Let g be (-3)/(-6) + 2 + (-105)/m. Let f(h) = 33*h + 13. Is f(g) a composite number?
False
Suppose 2296177 = 5916*s - 5903*s. Is s a composite number?
False
Is (33962 - 5) + (2 - 4) + 6 a composite number?
False
Let j(l) = -73*l**3 + 2*l**2 + 18*l + 82. Is j(-9) prime?
True
Suppose -310701 - 1559309 = -82*q. Is q composite?
True
Suppose -5*l + 21 = -2*h, 4*l - 9*l - 2*h + 9 = 0. Suppose -l*t + 2*t = -99. Suppose -104*g + 275 = -t*g. Is g prime?
False
Let y(h) = 2*h**2 + 19*h - 26. Let f be y(-29). Suppose -f = -86*u + 81*u. Is u prime?
False
Is (21/14)/(-1)*(-262030)/3 a composite number?
True
Let b(p) = p**3 + 29*p**2 + 22*p - 179. Let s be b(-28). Let c(z) be the second derivative of -8*z**3 + 55*z**2/2 + z. Is c(s) a composite number?
True
Suppose -2*d + 143761 = 5*x, 2*x - 57487 = 16*d - 11*d. Is x prime?
True
Suppose 14*y = 366603 - 96305. Suppose -5*h + 32182 = -3*d, 0 = -3*h + 6*h - 4*d - y. Is h composite?
True
Let n(k) = -113*k**3 - 4*k**2 + 3. Let w be n(-3). Is w - (1 + 0 + 4) a composite number?
True
Suppose 1377*c + 1359894 = 1381*c - 2*r, 2*c = -3*r + 679943. Is c composite?
True
Let r = 198829 + -103956. Is r a composite number?
False
Let x be (-302)/14 + (-42)/98. Let t be (-83706)/(-2)*(x - -21). Is t/(-231) - 2/11 a composite number?
False
Let s(t) = 32*t**3 - 4*t**2 + 5*t - 21. Is s(8) composite?
True
Let j(f) = 73*f - 14. Let a(s) = -6*s - 2. Let q be a(-1). Let r be j(q). Let y = r + 405. Is y a prime number?
True
Suppose -11*p + 3*p = -7*p. Suppose p = 16*l - 24*l - 9376. Is l/(-6)*(-42)/(-28) composite?
False
Suppose 125*o = 2*n + 128*o - 1428424, -n + 4*o + 714245 = 0. Is n composite?
True
Is -11 - (10 + 786)*(-3717)/18 a composite number?
False
Let l = 163 - 161. Suppose -l*y + 3635 = v - 4*y, -3*v - 5*y + 10949 = 0. Is v composite?
False
Let l = -787 - -5531. Suppose y - 3*w - 1216 = 2*w, -4*y + l = 4*w. Suppose y = -4*o + 7*o. Is o composite?
False
Let w be 1763 - (-5)/((-25)/35). Suppose -23*n + w = -19*n. Is n composite?
False
Let h = 73 - 73. Suppose h = 2*n + 4, 4*a + 4*n = 5*n - 350. Is (-2920)/a + -2 + (-40)/(-22) a prime number?
False
Suppose 2*h = -3*r - 2724, 0 = 2*h - r + 1188 + 1528. Is h/(-27)*12 + 7 composite?
True
Suppose i + 2*c + 2*c + 15 = 0, 4*i + 15 = -c. Let w(v) = 161*v + 20. Let z be w(1). Let r = z + i. Is r composite?
True
Suppose 2*j + 44387 = 3*j - 3*d, 2*j + 4*d - 88764 = 0. Suppose 18*x = -x + j. Is x - 5/1 - -2 prime?
True
Suppose 641546 = s + 3*h, 5*s - 4*h - 1567819 = 1640044. Is s prime?
False
Let n be (-14)/4*(1 + (-3 - 0)). Suppose -4*h = -n*h. Suppose -3*r + l + 5210 = 0, h = -4*r - 3*l + 6526 + 399. Is r a prime number?
False
Suppose 2*f = 15 - 5. Suppose -5*x = 4*z - 7584 - 545, x - 1630 = -f*z. Suppose -5*a + 3*u + 2*u = -x, -u = 2*a - 662. Is a composite?
True
Let p be 7/35 + 11/(-5). Let d be 6 + (3 + -5 - -2). Is p/1 - (d - 259) a composite number?
False
Suppose 0*y + 13*y = -161460. Let l = -3919 - y. Is l a prime number?
True
Let v(p) = 780*p - 7279. Is v(17) composite?
False
Let n(g) = g**3 + 11*g**2 - 6*g - 5. Let k = -41 - -32. Is n(k) a composite number?
False
Let f = 289246 - 189129. Is f composite?
True
Is (6/(-4))/(9 + (-230096544)/25566272) a prime number?
True
Suppose 4*c + 40 = 6*c + 5*r, -5*r = -2*c. Suppose -16 = -c*q - 6. Is (1639 - (-9)/(-3)) + q a prime number?
True
Suppose 39*z - 123875 = 432538. Is z prime?
False
Let x(j) = 178*j - 1513. Let d be x(9). Let a(w) = w**2 + 6*w - 5. Let n be a(-6). Is (-1)/(-1) + n + d prime?
False
Suppose -2*l + 4*l - 5*k - 697 = 0, -5*l - 3*k = -1789. Let d = -213 + l. Is d composite?
True
Let c(o) = o**3 - 4*o**2 - 9*o + 15. Let r be c(8). Suppose r*u = 204*u - 1855. Is u prime?
False
Let p = -33 - -31. Let o be (56/3)/(p/543). Is o/(-24) + (-1)/6 prime?
True
Let n(p) = 48*p**3 + 55*p + 56*p**3 + 68 - 103*p**3 + 47*p**2. Is n(-41) a composite number?
True
Let o(i) = 4*i**2 + 22*i + 16. Let y be o(-8). Let x = y + -102. Is -3 + (-6)/9 + (-2044)/x prime?
True
Let g be ((-17)/(-85))/((-2)/(-10)). Suppose 0 = 8*v - 7*v - g. Is -2 + (-681)/(-3) - 2/v a prime number?
True
Suppose -5*p = 18*o - 20*o - 224927, 0 = p - 2*o - 44979. Is p prime?
True
Let t = -1864 - -7234. Suppose -34*m = -28*m - t. Is m composite?
True
Suppose 3*g + 2*u = 7*g - 874, 0 = -4*g + 4*u + 868. Let s = 1561 + g. Is s a prime number?
False
Suppose 2*r + 446 - 125 = 3*q, -3*q + 4*r + 315 = 0. Let f = -142 - q. Is (3 - f)*(-1)/((-4)/22) a composite number?
True
Let w(l) = -3*l**3 - 95*l**2 + 33*l + 31. Let u be w(-32). Suppose o + 4*o = -135. Is u*(6/(-27) - (-4341)/o) composite?
True
Is 0 - 404421/(-6)*16/8 prime?
True
Let h(o) = 35 + 4*o - 3*o**2 + 21*o**2 + 23*o**2 - 2*o**2 - 2*o**2. Is h(-6) prime?
False
Let j = 129 + -124. Suppose 1670 = 4*x + x + 5*c, 0 = j*x - 4*c - 1643. Is x a prime number?
True
Suppose -3*x - 5*q = -9402, 0 = -9*x + 4*x + q + 15642. Suppose -4*h + 2594 + 505 = -5*j, -4*h + x = j. Is h a prime number?
False
Let t = 2044 - 3188. Let o = t - -2201. Is o composite?
True
Is 27/63 + 5 + (-1395620)/(-28) a composite number?
True
Let s(b) = 13615*b**2 + 539*b - 7. Is s(-5) composite?
True
Suppose -77*h + 82*h = 30. Suppose -49752 = -4*p + 2*l, h*l - 10*l = -8. Is p a prime number?
False
Suppose -3*j - 3*j = -30. Suppose j*x - 2*m - 1294 - 2055 = 0, -4*m - 2015 = -3*x. Is x a composite number?
True
Suppose -67*c + 153*c = 74*c + 3859644. Is c a prime number?
False
Suppose -1464549 = -5*g - y, 279*g - 585838 = 277*g - 5*y. Is g a composite number?
False
Is (1/5)/((-171)/(-3995415)) a composite number?
False
Let n = -271 - -276. Suppose -n*d + 20 = 0, -4*d - d - 467 = -w. Is w a prime number?
True
Let b(y) = -y**3 + 17*y**2 + 18*y + 5. Let c be b(18). Suppose -h - 5 = 0, -c*h = 3*s - 34450 - 39814. Is s prime?
True
Let j be -7 - 0 - (41 - 60). Let f(l) = 460*l + 65. Is f(j) prime?
False
Suppose 1672 = -v - z, 2*v + 4*z = z - 3344. Let d(m) = -147*m + 198. Let k be d(8). Let o = k - v. Is o a composite number?
True
Let t(y) = 1237*y + 470. Is t(41) a composite number?
True
Let j(m) = -2071*m + 131 - 260 + 134. Is j(-16) composite?
True
Let t be 17/(-136) + (-257)/(-8). Suppose 37*c - 1005 = t*c. Is c a composite number?
True
Is (1162/84 - 14) + (-266750)/(-12) a prime number?
True
Is -2*((-3670797)/22 + 5/(-55)) a prime number?
False
Suppose 17*h - 108 + 23 = 0. Suppose -3*u + 6973 = h*w, 0 = -2*w + 8*u - 3*u + 2814. Is w a composite number?
True
Let k be 2/10 + 203566/95. Let g = -426 + k. Is g composite?
True
Let o be 6/14 - 959/(-49). Suppose 63 = 3*p - 0*k + 3*k, 5*k - o = 0. Suppose -p*u + 21*u = 580. Is u a prime number?
False
Suppose 5*a = 2*i - 7*i - 17795, -2*a = -4*i - 14230. Let b(q) = 5*q + 2. Let v be b(2). Is i/(-4) + (-6)/v composite?
True
Let r = -3878 - -8192. Suppose -r = -3*w - n, 4*n + 5 = 17. Is w composite?
True
Let t = -179045 + 1372000. Is t prime?
False
Suppose -25*v + 21*v + 2*b = -1725204, -3*v - 2*b + 1293889 = 0. Is v a prime number?
False
Let f be (-3 - (-3 - -3)) + 5. Suppose f*y = 1507 + 949. Suppose y = 5*d - 5347. Is d a prime number?
False
Suppose -5*m + 5*y = -25, -2*m - 7 = y - 20. Suppose -t + m*v - v = -15141, -4*t = -v - 60488. Is t a prime number?
True
Let m = 42063 - 29000. Is m a composite number?
False
Let w = 129384 - 72493. Is w composite?
False
Let t be (24/(-18) - -3)/((-2)/48). Is 9/18 - 5/(t/12588) a composite number?
True
Is ((-234)/(-18) - 12)*4714/(-2)*-1 prime?
True
Suppose -6943013 = -53*i - 2759140. Is i a prime number?
True
Suppose 0 = 33*n - 30*n - 6. Suppose -3*k + l + 11370 = -2*l, -n*k - 2*l + 7568 = 0. Is k a composite number?
True
Suppose 0 = 16*k - 20*k + 12060. Suppose 6*a - 411 = k. Is a a prime number?
True
Let q be (-1)/(0 + -1)*(-4 - -5). Let a(t) = 254*t + 13. Is a(q) a prime number?
False
Let n(s) = 6*s**2 - 13*s + 29. Is n(-8) a prime number?
False
Let l = -614 - -865. Suppose 42*i - l = 41*i. Is i a prime number?
True
Is 3/((8/3033804)/(22/99)) a com